 of 19387?
7
What is the hundreds digit of 596494?
4
What is the hundreds digit of 441005?
0
What is the ten thousands digit of 132522?
3
What is the units digit of 301219?
9
What is the units digit of 124770?
0
What is the units digit of 3237227?
7
What is the hundred thousands digit of 158432?
1
What is the tens digit of 325217?
1
What is the hundreds digit of 15726887?
8
What is the ten thousands digit of 2863024?
6
What is the thousands digit of 390322?
0
What is the units digit of 595810?
0
What is the thousands digit of 17189868?
9
What is the hundred thousands digit of 2458892?
4
What is the units digit of 293816?
6
What is the tens digit of 1116069?
6
What is the tens digit of 2277168?
6
What is the tens digit of 142279?
7
What is the hundreds digit of 15305462?
4
What is the thousands digit of 2599950?
9
What is the ten millions digit of 25056040?
2
What is the tens digit of 1178564?
6
What is the hundred thousands digit of 4789276?
7
What is the units digit of 36631221?
1
What is the tens digit of 682429?
2
What is the hundreds digit of 155415?
4
What is the units digit of 2340571?
1
What is the units digit of 98964?
4
What is the units digit of 1637619?
9
What is the ten thousands digit of 386909?
8
What is the thousands digit of 1360959?
0
What is the ten thousands digit of 22888?
2
What is the ten thousands digit of 5342839?
4
What is the hundreds digit of 358247?
2
What is the hundreds digit of 157116?
1
What is the thousands digit of 278500?
8
What is the millions digit of 11376037?
1
What is the hundreds digit of 358648?
6
What is the hundred thousands digit of 4749658?
7
What is the ten thousands digit of 104108?
0
What is the hundreds digit of 4391879?
8
What is the thousands digit of 1150124?
0
What is the units digit of 9897280?
0
What is the hundreds digit of 11400301?
3
What is the thousands digit of 219720?
9
What is the hundred thousands digit of 6227641?
2
What is the units digit of 116296?
6
What is the thousands digit of 116723?
6
What is the thousands digit of 398968?
8
What is the thousands digit of 294555?
4
What is the ten thousands digit of 2742033?
4
What is the millions digit of 4688109?
4
What is the ten thousands digit of 3942354?
4
What is the hundreds digit of 75522?
5
What is the thousands digit of 504718?
4
What is the hundreds digit of 801065?
0
What is the ten thousands digit of 6802945?
0
What is the tens digit of 8474449?
4
What is the hundreds digit of 467602?
6
What is the ten thousands digit of 25114986?
1
What is the hundreds digit of 22811?
8
What is the units digit of 10826134?
4
What is the ten thousands digit of 1050029?
5
What is the tens digit of 24216890?
9
What is the hundred thousands digit of 1005656?
0
What is the millions digit of 6572857?
6
What is the hundred thousands digit of 151905?
1
What is the thousands digit of 1332158?
2
What is the tens digit of 489177?
7
What is the ten thousands digit of 1330767?
3
What is the tens digit of 203529?
2
What is the ten thousands digit of 7267907?
6
What is the hundreds digit of 3464890?
8
What is the units digit of 15158395?
5
What is the millions digit of 9860378?
9
What is the ten thousands digit of 79042?
7
What is the ten thousands digit of 720341?
2
What is the hundred thousands digit of 4491105?
4
What is the hundreds digit of 1903252?
2
What is the ten thousands digit of 21439657?
3
What is the thousands digit of 6782221?
2
What is the units digit of 3870446?
6
What is the thousands digit of 336966?
6
What is the ten thousands digit of 508651?
0
What is the units digit of 65713?
3
What is the millions digit of 1853752?
1
What is the ten thousands digit of 74400?
7
What is the thousands digit of 3009777?
9
What is the tens digit of 3642353?
5
What is the tens digit of 2048704?
0
What is the tens digit of 494282?
8
What is the hundred thousands digit of 265924?
2
What is the hundred thousands digit of 443557?
4
What is the hundreds digit of 704158?
1
What is the thousands digit of 15634355?
4
What is the ten thousands digit of 3292022?
9
What is the tens digit of 1727507?
0
What is the tens digit of 7444223?
2
What is the tens digit of 20922400?
0
What is the hundreds digit of 44817?
8
What is the hundreds digit of 1275955?
9
What is the hundreds digit of 39309?
3
What is the units digit of 180625?
5
What is the hundred thousands digit of 5461712?
4
What is the tens digit of 383009?
0
What is the tens digit of 1602508?
0
What is the units digit of 46123?
3
What is the units digit of 91806?
6
What is the ten thousands digit of 800673?
0
What is the units digit of 226495?
5
What is the thousands digit of 134276?
4
What is the tens digit of 1976750?
5
What is the thousands digit of 1576377?
6
What is the units digit of 72915?
5
What is the millions digit of 3545636?
3
What is the thousands digit of 508321?
8
What is the thousands digit of 32648?
2
What is the hundred thousands digit of 27552692?
5
What is the units digit of 12966196?
6
What is the hundred thousands digit of 188348?
1
What is the units digit of 3019373?
3
What is the millions digit of 2526894?
2
What is the thousands digit of 496787?
6
What is the units digit of 523695?
5
What is the tens digit of 436856?
5
What is the tens digit of 167?
6
What is the tens digit of 28836662?
6
What is the ten thousands digit of 620765?
2
What is the hundred thousands digit of 23375175?
3
What is the thousands digit of 2071681?
1
What is the units digit of 1496337?
7
What is the hundreds digit of 1537291?
2
What is the hundreds digit of 6331223?
2
What is the thousands digit of 10844?
0
What is the millions digit of 6911876?
6
What is the ten thousands digit of 3797025?
9
What is the units digit of 365431?
1
What is the units digit of 166279?
9
What is the hundred thousands digit of 4164568?
1
What is the hundred thousands digit of 481717?
4
What is the thousands digit of 8854039?
4
What is the ten thousands digit of 1265397?
6
What is the tens digit of 4043422?
2
What is the tens digit of 3582877?
7
What is the tens digit of 9305822?
2
What is the units digit of 209449?
9
What is the millions digit of 19509035?
9
What is the hundreds digit of 3894436?
4
What is the tens digit of 19416848?
4
What is the thousands digit of 348493?
8
What is the tens digit of 330645?
4
What is the hundreds digit of 162148?
1
What is the tens digit of 418439?
3
What is the ten millions digit of 20022902?
2
What is the units digit of 149550?
0
What is the units digit of 11413642?
2
What is the units digit of 5094060?
0
What is the hundred thousands digit of 173572?
1
What is the hundred thousands digit of 594853?
5
What is the hundreds digit of 65328?
3
What is the hundreds digit of 486856?
8
What is the tens digit of 2016394?
9
What is the ten thousands digit of 11257453?
5
What is the thousands digit of 617155?
7
What is the millions digit of 5287999?
5
What is the tens digit of 934774?
7
What is the thousands digit of 175072?
5
What is the units digit of 1676857?
7
What is the hundreds digit of 207080?
0
What is the units digit of 9206?
6
What is the thousands digit of 10477710?
7
What is the hundreds digit of 449015?
0
What is the hundred thousands digit of 4251360?
2
What is the thousands digit of 33417968?
7
What is the thousands digit of 12951983?
1
What is the tens digit of 11119963?
6
What is the hundreds digit of 9549251?
2
What is the ten thousands digit of 22628639?
2
What is the units digit of 203015?
5
What is the millions digit of 1161763?
1
What is the units digit of 27151618?
8
What is the units digit of 1058217?
7
What is the hundred thousands digit of 130138?
1
What is the ten thousands digit of 17192366?
9
What is the ten thousands digit of 319469?
1
What is the units digit of 918836?
6
What is the ten millions digit of 13754808?
1
What is the ten thousands digit of 200265?
0
What is the thousands digit of 35241285?
1
What is the hundreds digit of 10220?
2
What is the units digit of 1360991?
1
What is the ten thousands digit of 28396?
2
What is the units digit of 3430260?
0
What is the hundreds digit of 252583?
5
What is the hundreds digit of 791584?
5
What is the hundred thousands digit of 23828249?
8
What is the tens digit of 76688?
8
What is the units digit of 1308946?
6
What is the u